2 + r - 1. Calculate w(h).
9
Let w(g) = -g - 3. Let m(z) = -z**2 - 4*z + 6. Let n be m(-6). Let t be w(n). Suppose -5*h = -t*h - 2. Let b(v) = -4*v. What is b(h)?
-4
Let h = -11 + 15. Suppose 15 = 4*y + 7. Let l(v) = 3*v + y - 4*v - 3 + 2*v. Give l(h).
3
Let j(k) be the second derivative of 0*k**5 + 0 + 0*k**2 - k + 1/360*k**6 - 3/8*k**4 + 1/6*k**3. Let u(n) be the second derivative of j(n). Give u(0).
-9
Let y(f) be the third derivative of -f**4/8 - f**3/6 + f**2. What is y(3)?
-10
Let w(l) = -l + 5. Let o be w(7). Let y = -4 + o. Let v(r) = r**3 + 6*r**2 - r - 5. What is v(y)?
1
Let j(i) = -i**2 + 7*i - 1. Let w = -24 - -23. Let s = 6 + w. Give j(s).
9
Let i(y) be the first derivative of -y**3/3 + 2*y**2 + 4*y + 5. Let o = -6 + 10. What is i(o)?
4
Let l(w) be the third derivative of -w**6/40 + 153*w**2. Let s(u) = u**3 + u**2 + 1. Let k be s(0). Give l(k).
-3
Let t = -6 + 13. Let y(n) = n + 2 - t + 1 + 3. Calculate y(-4).
-5
Let s = 7 + -5. Let c(z) = 0 - 1 - 2*z + z**s + 3 + 7*z. Let i = -5 + 0. Determine c(i).
2
Let b = 346/33 + -108/11. Let n(r) be the third derivative of 0*r + 1/60*r**5 + b*r**3 + 4*r**2 - 1/8*r**4 + 0. What is n(3)?
4
Suppose l - 3*s = 6*l - 10, -8 = -4*l + s. Let z(p) = 0*p**2 + p**2 + 0*p - 2*p. What is z(l)?
0
Suppose 23*n = 52 + 40. Let t(w) = -11*w**2 - 19*w - 11. Let h(i) = -5*i**2 - 9*i - 5. Let y(u) = -13*h(u) + 6*t(u). Give y(n).
-5
Let i be 5 + (-42)/3 + 5. Let j(g) = g**2 + 4*g + 2. What is j(i)?
2
Let u(n) = n**2 + n. Let c(b) = -9*b**3 - 5*b**2 - 5*b - 1. Let v(h) = -c(h) - 6*u(h). Determine v(1).
8
Let i(x) be the third derivative of x**5/60 + x**4/4 - 7*x**3/6 + 14*x**2. Calculate i(-6).
-7
Let a(n) = -n - n**3 + n + n + 3*n**2 - 3*n. Let d(c) = c**2 - 10*c - 7. Let f be d(10). Let r = -5 - f. Determine a(r).
0
Let b(k) = k. Let a = -77 - -70. Determine b(a).
-7
Let x(s) = -s. Let a(g) = g**3 + 5*g**2. Let w(b) = a(b) - 4*x(b). Let i be w(-4). Suppose 0 = -i*c + 2*c + 6. Let k(f) = f**2 + 6*f + 1. What is k(c)?
-8
Let s(g) = -g**2 - 2*g. Let u be s(-2). Let d(c) = c**3 + c**2 + c + 5. Determine d(u).
5
Let m(k) = -k**2 + 6*k + 4. Let o(x) = 2*x**2 - 12*x - 7. Let q(p) = -5*m(p) - 3*o(p). Suppose -4*u + 3*g - g + 16 = 0, g = -4*u + 10. What is q(u)?
10
Let z(p) = -2*p**2 - 5*p**2 + 4*p**2 + 2*p**2 - p + 10. Determine z(0).
10
Let j(x) = -x**2 - 6*x + 1. Let q be ((-48)/60)/((-4)/(-30)). What is j(q)?
1
Suppose 0 = -13*j + 9*j + 8. Let u(p) = j - 1 + 10*p - 19*p. What is u(1)?
-8
Let w be (2 + (-3)/3)/2. Let k(b) be the second derivative of 1/6*b**3 - w*b**2 - b + 0. Determine k(5).
4
Let r(q) = -q**2 - 3*q. Let w = 6 - 7. Let t = -4 - w. Determine r(t).
0
Let d(i) = -i**2 + 2*i + 3. Let u be (3/(-2))/((-18)/48). Suppose 5 = 2*s - 0*s - 3*t, -u*t - 10 = -s. Give d(s).
-5
Let r(t) = t**2 - 5*t - 1. Let h(x) = -x**2 - 2*x + 2. Let q be h(-3). Let z = 5 + q. Suppose -z*l = l - 15. Determine r(l).
-7
Let a(d) = 4*d + 3. Let m(f) = -5*f - 4. Let v(r) = 7*a(r) + 5*m(r). Calculate v(-1).
-2
Suppose -3*t + 2 = -3*r - 7, -t = 3*r - 15. Let v(c) = -c**2 + 8*c - 4. What is v(t)?
8
Let a(f) be the third derivative of -f**4/24 - 5*f**3/3 + 31*f**2. Determine a(-7).
-3
Let x(o) = o + o**2 - 2*o**2 - o**2 + 5 + o**2. Let y(m) = -m**2 - m. Let j be y(0). Give x(j).
5
Let r(s) = -5*s + 16. Let o(g) = -6*g + 2*g - 1 + 3*g + 5. Let c be 32/(-14) + (-4)/(-14). Let t(u) = c*r(u) + 9*o(u). Give t(-6).
-2
Suppose 4*r + 5*n + 0 = 34, 0 = -4*r + 4*n + 16. Let u(v) = 5*v + 5*v**2 + 4 - 6 - v**3 + 9. Let m be u(r). Let b(j) = 3*j - 1. Calculate b(m).
2
Suppose 5 = -0*n + n - 2*j, 0 = 3*j + 6. Let u(l) be the third derivative of l**4/6 + l**2. Calculate u(n).
4
Let n = 13 + -6. Suppose -h + 4*l = 0, -12 - n = 5*h - l. Let r(s) = 2 - 7*s - 1 - 5 + 6*s. Calculate r(h).
0
Let v(r) = -3*r + 2. Let k be v(3). Let f = 7 + k. Let q(i) = -i**3 + 5. Determine q(f).
5
Suppose -3*b + 4 = 2*d, -3*d + 7 = b + 3*b. Let x(k) = -k - 2. What is x(d)?
-7
Let d(m) be the first derivative of -m**6/120 + m**5/10 - 5*m**4/24 - m**3/2 - m**2 - 5. Let j(v) be the second derivative of d(v). What is j(4)?
9
Suppose 56 = -5*o - p, 3*o + 23 + 8 = 2*p. Let u = o + 7. Let x(t) be the first derivative of -t**3/3 - 3*t**2 - 4*t - 3. What is x(u)?
4
Let w(l) = 31 - 33 - 3*l + 9*l. Determine w(4).
22
Let u(o) = -o**3 - 2*o**2 + 2*o. Let b(y) = y**2 - 6*y + 2. Let x be b(5). Let d be u(x). Let l(c) = 0*c + c**2 + 1 + 0 - d*c. What is l(3)?
1
Suppose 4*y + g - 4 = -0, -4 = -4*y - 3*g. Let c(l) = 516 - 261 + 11*l**2 - 256. What is c(y)?
10
Let q(o) = o**3 - 4*o**2 - 2*o + 1. Suppose -2*k = 5*c - c - 10, 4*c - 12 = -4*k. Suppose -c*t - 2*t + 8 = 0. Determine q(t).
-11
Let f(n) = -2*n - 3. Let t = 21 - 26. What is f(t)?
7
Let b(m) = -6*m - 1. Let a be b(-1). Suppose 2*o - 4*g = -16, 45 = -8*o + 4*o - a*g. Let p be ((-9)/6 - -1)*o. Let z(n) = -n**2 + 4*n + 4. Determine z(p).
-1
Suppose 3*p - 8 = -p. Let r(c) = p*c - 3 + c - 5*c. Let x = 9 + -13. Give r(x).
5
Let j(a) = -a - 5. Let v(w) = -2*w - 12. Let g(d) = 15*j(d) - 6*v(d). Let f(h) = -h**2 - 3*h + 2. Let k be f(-4). What is g(k)?
3
Suppose -4*i + 3 + 5 = 5*k, -2*k = 0. Let o(y) = -y**3 + 4 + 2*y + y**2 - 5*y**2 - y**i. Calculate o(-5).
-6
Let j be (-1 + -1)*(-36)/24. Let u(g) = 2*g**2 + g**j + 0 + 1 + g**2 - 2. Calculate u(-3).
-1
Let r(f) = f**3 - 2*f**2 + 3. Let k be r(3). Let p = k + -7. Let b(q) = q**3 - 4*q**2 - 5*q + 3. Calculate b(p).
3
Let d(b) = 2*b - 21. Let c be d(9). Let o(f) be the second derivative of f**4/6 + f**3/2 - f. What is o(c)?
9
Let k(j) be the third derivative of 0*j + 0 + 1/20*j**5 + 0*j**3 + 3*j**2 + 1/12*j**4. Determine k(-2).
8
Let r(w) be the first derivative of 1/4*w**4 - 5/3*w**3 + 0*w + 3/2*w**2 - 3. Calculate r(3).
-9
Let h(y) = 5*y**2 - 6*y - 3. Let f(l) = -12*l**2 + 12*l + 6. Let q(n) = 3*f(n) + 7*h(n). Determine q(-6).
-3
Let v(z) = -z**3 - 4*z**2 + 8*z + 7. Suppose -3*u - 2*b - 9 = -0*b, 0 = 2*u + 5*b - 5. Calculate v(u).
-8
Let a(p) = 5*p - 3. Suppose 6*n + 5 = n. Let t = 1 - n. What is a(t)?
7
Let k(i) = 2*i**2 + i**2 + 2 - 1 + 3*i**2 - i. Calculate k(1).
6
Suppose 0*a + 3 = -3*a + 3*l, 5*a + 4*l - 13 = 0. Let k(t) be the third derivative of 5/24*t**4 + t**2 + 1/6*t**3 + 0*t + 0. Determine k(a).
6
Let j(b) = -1 - 8*b + 27 - 10 - 11 + b**2. Calculate j(5).
-10
Let p(u) = -5*u - 37 - 35 + 120 - 41. Determine p(6).
-23
Suppose -2*h - 2*l - 12 = -6*l, -2*h + 5*l = 16. Let q(y) be the second derivative of 1/2*y**2 + 0 - 1/2*y**3 - 7*y. Determine q(h).
-5
Let l(t) be the first derivative of 7*t**3 - t**2 - t - 4. Calculate l(-1).
22
Let y = 15 - 11. Let m(c) = c - 5. Give m(y).
-1
Let i = -6 - -8. Let q(a) = -4*a - 4. Let z(d) = d + 1. Let u(n) = -4*q(n) - 14*z(n). Determine u(i).
6
Let r(m) be the second derivative of -m**4/12 + 5*m**2/2 - m. Let a(z) = z**2 + 5*z - 2. Let k be a(-5). Let x be (0*(k - -3))/2. Give r(x).
5
Let s(i) = -i**3 - i**2 + 3*i - 1. Let d be s(-2). Let f = -5 - -8. Let p be (0/d - f)*1. Let l(n) = 2*n**2 + 3*n - 3. Calculate l(p).
6
Let a(h) = h - 5. Let q be 2/((-10)/5) + 1. What is a(q)?
-5
Let m = 5 - 5. Let a(l) = m*l**3 - 2*l - 4*l**3 - 4*l**2 - 2*l + 5*l**3. Let o be (15/(-6))/(1/(-2)). What is a(o)?
5
Let o(j) = -5*j**2 + 16*j**2 + 7*j - 12*j**2 - 3. What is o(5)?
7
Let k(o) = o**2 + o + 3. Let h be k(2). Suppose a - 3*m = 10, -a - 4*m - h = 16. Let i(u) = -u**3 - 4*u**2 + 3*u - 6. Give i(a).
4
Let z(d) be the first derivative of -d + 1/3*d**3 + 4 + 3/2*d**2. Suppose 0 = -p - 3*p + 8. What is z(p)?
9
Let m = 41 + -44. Let q(z) be the first derivative of -z**4/4 + 3*z**2/2 - 2*z - 3. Give q(m).
16
Let j(k) be the first derivative of k**4/4 - 4*k**3/3 - 7*k**2/2 + 7*k - 4. What is j(5)?
-3
Let a(m) = -m**2 + 6 + 6*m - 3*m**2 + 2*m**2 + 3*m**2. Suppose 0 = -3*p - 15, 4*s - 3*p - 2*p - 33 = 0. Let z be 6/(-2) + s*-1. Determine a(z).
1
Let w(s) = s**2 - 4*s - 1. Let a be w(5). Suppose a*y = -y - 175. Let d be 24/(-14) + 10/y. Let m(l) = -l**2 + l. Calculate m(d).
-6
Let w(z) = -4*z - z**2 + 3 - 3 - 1. Let c(m) = m**3 + 7*m**2 + 8*m + 9. Let v be c(-6). What is w(v)?
2
Suppose -3*u = 5*j - 7, -3*u + 2 = 3*j + u. Suppose j*d + 0 = 6. Let w(m) = -m**3 + 2*m**2 + 2*m - 3. Determine w(d).
-6
Let d(u) be the second derivative of u**3/3 + 9*u. Determine d(-4).
-8